at is the hundred millions digit of 1738457198?
7
What is the hundreds digit of 5542434?
4
What is the hundreds digit of 944979046?
0
What is the thousands digit of 47651363?
1
What is the ten thousands digit of 22948408?
4
What is the tens digit of 195088100?
0
What is the millions digit of 157833908?
7
What is the thousands digit of 74396687?
6
What is the ten thousands digit of 87510260?
1
What is the ten millions digit of 642078789?
4
What is the hundred thousands digit of 1764759195?
7
What is the units digit of 89248874?
4
What is the hundred millions digit of 131346106?
1
What is the units digit of 480039374?
4
What is the hundreds digit of 975445725?
7
What is the millions digit of 182222282?
2
What is the ten millions digit of 51936115?
5
What is the ten thousands digit of 27490945?
9
What is the units digit of 306682429?
9
What is the hundred thousands digit of 1708227571?
2
What is the units digit of 2959465086?
6
What is the tens digit of 6406336?
3
What is the hundred thousands digit of 138997318?
9
What is the ten millions digit of 45365257?
4
What is the hundred millions digit of 2282099048?
2
What is the tens digit of 126134119?
1
What is the units digit of 258265046?
6
What is the thousands digit of 2024688457?
8
What is the hundreds digit of 51452712?
7
What is the ten millions digit of 71319113?
7
What is the millions digit of 427223361?
7
What is the ten millions digit of 232589679?
3
What is the ten thousands digit of 291873221?
7
What is the thousands digit of 299363186?
3
What is the billions digit of 1537413835?
1
What is the hundreds digit of 84636895?
8
What is the thousands digit of 9663831?
3
What is the millions digit of 3554147104?
4
What is the ten thousands digit of 84365906?
6
What is the tens digit of 31632744?
4
What is the hundreds digit of 15706298?
2
What is the tens digit of 592499541?
4
What is the hundred thousands digit of 25586211?
5
What is the ten thousands digit of 2305181463?
8
What is the millions digit of 216971032?
6
What is the millions digit of 111207106?
1
What is the units digit of 57659085?
5
What is the ten thousands digit of 139598445?
9
What is the hundreds digit of 312942999?
9
What is the hundred thousands digit of 277162643?
1
What is the units digit of 334935026?
6
What is the units digit of 436772141?
1
What is the tens digit of 249471337?
3
What is the hundred millions digit of 352798068?
3
What is the tens digit of 14462210?
1
What is the ten thousands digit of 5603197533?
9
What is the thousands digit of 3663118802?
8
What is the hundreds digit of 62158122?
1
What is the thousands digit of 73160186?
0
What is the units digit of 171560497?
7
What is the hundred millions digit of 3899102697?
8
What is the hundred millions digit of 1660614086?
6
What is the tens digit of 1285020713?
1
What is the hundred millions digit of 1131621988?
1
What is the ten thousands digit of 1483942416?
4
What is the millions digit of 59598608?
9
What is the thousands digit of 1620075453?
5
What is the hundred millions digit of 2582235990?
5
What is the ten millions digit of 1437972959?
3
What is the thousands digit of 1522427961?
7
What is the units digit of 35697661?
1
What is the hundred millions digit of 3174172985?
1
What is the units digit of 150610418?
8
What is the millions digit of 122659072?
2
What is the ten thousands digit of 127080852?
8
What is the tens digit of 1263217556?
5
What is the ten millions digit of 754235027?
5
What is the units digit of 65721511?
1
What is the thousands digit of 46515665?
5
What is the millions digit of 1515626?
1
What is the units digit of 93624557?
7
What is the billions digit of 1985878788?
1
What is the hundred thousands digit of 6061653099?
6
What is the ten thousands digit of 1059898595?
9
What is the thousands digit of 69261651?
1
What is the tens digit of 1348860105?
0
What is the thousands digit of 9712328?
2
What is the thousands digit of 285699646?
9
What is the ten millions digit of 198062043?
9
What is the hundred millions digit of 1869967955?
8
What is the tens digit of 7426994367?
6
What is the hundred millions digit of 650969931?
6
What is the units digit of 2997128293?
3
What is the ten thousands digit of 1174448114?
4
What is the ten millions digit of 352644854?
5
What is the millions digit of 510506587?
0
What is the ten thousands digit of 73526376?
2
What is the millions digit of 1657364908?
7
What is the millions digit of 437393522?
7
What is the millions digit of 1082448891?
2
What is the units digit of 150834386?
6
What is the hundred thousands digit of 717960679?
9
What is the tens digit of 38194810?
1
What is the units digit of 205288253?
3
What is the thousands digit of 2470489380?
9
What is the thousands digit of 3390602098?
2
What is the ten thousands digit of 1980332682?
3
What is the thousands digit of 684145097?
5
What is the millions digit of 124568683?
4
What is the tens digit of 57071957?
5
What is the ten thousands digit of 5460459?
6
What is the units digit of 1441416755?
5
What is the units digit of 89635094?
4
What is the thousands digit of 16348731?
8
What is the ten thousands digit of 107651562?
5
What is the thousands digit of 2378789529?
9
What is the thousands digit of 53729592?
9
What is the hundred thousands digit of 266070289?
0
What is the millions digit of 127183409?
7
What is the ten millions digit of 191915677?
9
What is the tens digit of 1819539308?
0
What is the hundred millions digit of 283107221?
2
What is the ten thousands digit of 114369152?
6
What is the units digit of 31281401?
1
What is the units digit of 254075684?
4
What is the hundred thousands digit of 216017258?
0
What is the hundred thousands digit of 1003606037?
6
What is the hundred thousands digit of 88518819?
5
What is the millions digit of 4925708690?
5
What is the ten millions digit of 376016073?
7
What is the hundreds digit of 432201357?
3
What is the hundreds digit of 1114901211?
2
What is the hundreds digit of 1008484765?
7
What is the ten thousands digit of 730992950?
9
What is the tens digit of 5650327731?
3
What is the hundred thousands digit of 108583463?
5
What is the hundred thousands digit of 579189987?
1
What is the thousands digit of 32596776?
6
What is the thousands digit of 1016178281?
8
What is the units digit of 29621700?
0
What is the hundreds digit of 23485909?
9
What is the ten millions digit of 676401394?
7
What is the ten millions digit of 197419016?
9
What is the thousands digit of 1534670101?
0
What is the ten millions digit of 203315138?
0
What is the tens digit of 210828113?
1
What is the units digit of 443850095?
5
What is the millions digit of 1576758895?
6
What is the tens digit of 76107563?
6
What is the thousands digit of 84717939?
7
What is the tens digit of 296716458?
5
What is the units digit of 101623217?
7
What is the hundred thousands digit of 4014898986?
8
What is the ten thousands digit of 16834219?
3
What is the ten thousands digit of 257839474?
3
What is the ten millions digit of 148652376?
4
What is the thousands digit of 330415315?
5
What is the hundreds digit of 98892336?
3
What is the hundred thousands digit of 7564575?
5
What is the thousands digit of 31457326?
7
What is the ten millions digit of 1809244263?
0
What is the tens digit of 254343053?
5
What is the hundred thousands digit of 64427480?
4
What is the millions digit of 23554751?
3
What is the thousands digit of 43361209?
1
What is the millions digit of 128487674?
8
What is the hundred thousands digit of 241961133?
9
What is the thousands digit of 230976748?
6
What is the tens digit of 302904655?
5
What is the thousands digit of 301520155?
0
What is the hundred thousands digit of 1916603?
9
What is the hundred millions digit of 1129979833?
1
What is the hundred millions digit of 128142421?
1
What is the ten thousands digit of 146325354?
2
What is the ten thousands digit of 74670719?
7
What is the tens digit of 23204776?
7
What is the millions digit of 3901355058?
1
What is the tens digit of 385963?
6
What is the thousands digit of 9102383?
2
What is the tens digit of 849981022?
2
What is the hundreds digit of 259591933?
9
What is the units digit of 1190094176?
6
What is the hundred thousands digit of 207121180?
1
What is the hundred m